{"id":108,"date":"2023-05-21T22:58:11","date_gmt":"2023-05-21T20:58:11","guid":{"rendered":"https:\/\/7artillustration.fr\/?page_id=108"},"modified":"2023-08-11T14:48:50","modified_gmt":"2023-08-11T12:48:50","slug":"projets","status":"publish","type":"page","link":"https:\/\/7artillustration.fr\/?page_id=108","title":{"rendered":"Projets"},"content":{"rendered":"\n<p>Vous recherchez un illustrateur freelance pour un projet cr\u00e9atif et mon travail vous plait ?<\/p>\n\n\n\n<p>Voyons ce que nous pouvons faire ensemble !  \ud83d\ude00<\/p>\n\n\n\n<div style=\"height:100px\" aria-hidden=\"true\" class=\"wp-block-spacer\"><\/div>\n\n\n\n<p>N&rsquo;h\u00e9sitez pas \u00e0 me contacter via la rubrique \u00ab\u00a0Contact\u00a0\u00bb pour pr\u00e9voir un appel d\u00e9couverte. Nous pourrons \u00e9changer sur votre projet et voir un peu plus en d\u00e9tails si nous pouvons y donner vie ! <br>Je pourrai alors pr\u00e9parer un devis prenant en compte tous les \u00e9l\u00e9ments sans engagement.<\/p>\n\n\n\n<p>Quel que soit votre type de projet, n&rsquo;h\u00e9sitez pas \u00e0 venir m&rsquo;en parler!<\/p>\n\n\n\n<div style=\"height:100px\" aria-hidden=\"true\" class=\"wp-block-spacer\"><\/div>\n\n\n\n<p>\u270d\ufe0f Illustration de livres \ud83d\udcda (de la couverture aux livres illustr\u00e9s!)<\/p>\n\n\n\n<p>\u270d\ufe0f Projets de Bande Dessin\u00e9e \ud83d\udcd6<\/p>\n\n\n\n<p>\u270d\ufe0f Illustration de jeux \ud83c\udfb2 (jeux de cartes, jeux de plateau,\u2026 des personnages aux univers)<\/p>\n\n\n\n<p>\u270d\ufe0f Cr\u00e9ation d\u2019\u00e9cussons \/ logos \ud83d\udee1\ufe0f<\/p>\n\n\n\n<p>\u270d\ufe0f Affiches \/ Ev\u00e8nements<\/p>\n\n\n\n<p>\u270d\ufe0f Illustrations personnalis\u00e9es (un portrait, une sc\u00e8ne, un souvenir de vacances sous la forme d\u2019un dessin enti\u00e8rement personnalis\u00e9 pour vous ou pour offrir)<\/p>\n\n\n\n<div style=\"height:100px\" aria-hidden=\"true\" class=\"wp-block-spacer\"><\/div>\n\n\n\n<p><\/p>\n\n\n\n<figure class=\"wp-block-image size-full is-style-rounded\"><img decoding=\"async\" loading=\"lazy\" width=\"900\" height=\"699\" src=\"https:\/\/7artillustration.fr\/wp-content\/uploads\/2023\/05\/Mash-up-1.png\" alt=\"\" class=\"wp-image-203\" srcset=\"https:\/\/7artillustration.fr\/wp-content\/uploads\/2023\/05\/Mash-up-1.png 900w, https:\/\/7artillustration.fr\/wp-content\/uploads\/2023\/05\/Mash-up-1-300x233.png 300w, https:\/\/7artillustration.fr\/wp-content\/uploads\/2023\/05\/Mash-up-1-768x596.png 768w\" sizes=\"(max-width: 900px) 100vw, 900px\" \/><\/figure>\n\n\n\n<div style=\"height:100px\" aria-hidden=\"true\" class=\"wp-block-spacer\"><\/div>\n\n\n\n<p><\/p>\n\n\n\n<p><\/p>\n\n\n\n<p><\/p>\n","protected":false},"excerpt":{"rendered":"<p>Vous recherchez un illustrateur freelance pour un projet cr\u00e9atif et mon travail vous plait ? Voyons ce que nous pouvons faire ensemble ! \ud83d\ude00 N&rsquo;h\u00e9sitez pas \u00e0 me contacter via la rubrique \u00ab\u00a0Contact\u00a0\u00bb pour pr\u00e9voir un appel d\u00e9couverte. Nous pourrons \u00e9changer sur votre projet et voir un peu plus en [&hellip;]<\/p>\n","protected":false},"author":1,"featured_media":152,"parent":0,"menu_order":0,"comment_status":"closed","ping_status":"closed","template":"","meta":[],"_links":{"self":[{"href":"https:\/\/7artillustration.fr\/index.php?rest_route=\/wp\/v2\/pages\/108"}],"collection":[{"href":"https:\/\/7artillustration.fr\/index.php?rest_route=\/wp\/v2\/pages"}],"about":[{"href":"https:\/\/7artillustration.fr\/index.php?rest_route=\/wp\/v2\/types\/page"}],"author":[{"embeddable":true,"href":"https:\/\/7artillustration.fr\/index.php?rest_route=\/wp\/v2\/users\/1"}],"replies":[{"embeddable":true,"href":"https:\/\/7artillustration.fr\/index.php?rest_route=%2Fwp%2Fv2%2Fcomments&post=108"}],"version-history":[{"count":6,"href":"https:\/\/7artillustration.fr\/index.php?rest_route=\/wp\/v2\/pages\/108\/revisions"}],"predecessor-version":[{"id":318,"href":"https:\/\/7artillustration.fr\/index.php?rest_route=\/wp\/v2\/pages\/108\/revisions\/318"}],"wp:featuredmedia":[{"embeddable":true,"href":"https:\/\/7artillustration.fr\/index.php?rest_route=\/wp\/v2\/media\/152"}],"wp:attachment":[{"href":"https:\/\/7artillustration.fr\/index.php?rest_route=%2Fwp%2Fv2%2Fmedia&parent=108"}],"curies":[{"name":"wp","href":"https:\/\/api.w.org\/{rel}","templated":true}]}}