{"id":352,"date":"2024-02-25T17:41:12","date_gmt":"2024-02-25T16:41:12","guid":{"rendered":"https:\/\/7artillustration.fr\/?page_id=352"},"modified":"2024-04-25T15:12:15","modified_gmt":"2024-04-25T13:12:15","slug":"portfolio","status":"publish","type":"page","link":"https:\/\/7artillustration.fr\/?page_id=352","title":{"rendered":"Portfolio"},"content":{"rendered":"\n<p>Voici un bref aper\u00e7u de mes cr\u00e9ations dans diff\u00e9rents th\u00e8mes et styles !  <br><em>(N&rsquo;h\u00e9sitez pas \u00e0 consulter et \u00e0 vous abonn\u00e9 mon fil Instagram pour plus de contenu)<\/em><\/p>\n\n\n\n<div style=\"height:100px\" aria-hidden=\"true\" class=\"wp-block-spacer\"><\/div>\n\n\n\n<p class=\"has-text-align-center\"><strong>Artworks<\/strong> \ud83d\udd8c<\/p>\n\n\n<div class=\"wp-block-image\">\n<figure class=\"aligncenter size-large is-resized\"><img decoding=\"async\" loading=\"lazy\" src=\"http:\/\/7artillustration.fr\/wp-content\/uploads\/2024\/02\/IMG_0046-1024x1024.jpg\" alt=\"\" class=\"wp-image-387\" width=\"717\" height=\"717\" srcset=\"https:\/\/7artillustration.fr\/wp-content\/uploads\/2024\/02\/IMG_0046-1024x1024.jpg 1024w, https:\/\/7artillustration.fr\/wp-content\/uploads\/2024\/02\/IMG_0046-300x300.jpg 300w, https:\/\/7artillustration.fr\/wp-content\/uploads\/2024\/02\/IMG_0046-150x150.jpg 150w, https:\/\/7artillustration.fr\/wp-content\/uploads\/2024\/02\/IMG_0046-768x768.jpg 768w, https:\/\/7artillustration.fr\/wp-content\/uploads\/2024\/02\/IMG_0046-1536x1536.jpg 1536w, https:\/\/7artillustration.fr\/wp-content\/uploads\/2024\/02\/IMG_0046.jpg 2048w\" sizes=\"(max-width: 717px) 100vw, 717px\" \/><\/figure><\/div>\n\n\n<div style=\"height:100px\" aria-hidden=\"true\" class=\"wp-block-spacer\"><\/div>\n\n\n<div class=\"wp-block-image\">\n<figure class=\"aligncenter size-large is-resized\"><img decoding=\"async\" loading=\"lazy\" src=\"https:\/\/7artillustration.fr\/wp-content\/uploads\/2024\/04\/Leopard-1024x1024.jpg\" alt=\"\" class=\"wp-image-421\" width=\"714\" height=\"714\" srcset=\"https:\/\/7artillustration.fr\/wp-content\/uploads\/2024\/04\/Leopard-1024x1024.jpg 1024w, https:\/\/7artillustration.fr\/wp-content\/uploads\/2024\/04\/Leopard-300x300.jpg 300w, https:\/\/7artillustration.fr\/wp-content\/uploads\/2024\/04\/Leopard-150x150.jpg 150w, https:\/\/7artillustration.fr\/wp-content\/uploads\/2024\/04\/Leopard-768x768.jpg 768w, https:\/\/7artillustration.fr\/wp-content\/uploads\/2024\/04\/Leopard.jpg 1440w\" sizes=\"(max-width: 714px) 100vw, 714px\" \/><\/figure><\/div>\n\n\n<div style=\"height:100px\" aria-hidden=\"true\" class=\"wp-block-spacer\"><\/div>\n\n\n\n<figure class=\"wp-block-gallery alignwide has-nested-images columns-2 is-cropped has-background wp-block-gallery-1 is-layout-flex\" style=\"background-color:#ffffff00\">\n<figure class=\"wp-block-image size-large is-style-default\"><img decoding=\"async\" loading=\"lazy\" width=\"577\" height=\"808\" data-id=\"358\"  src=\"https:\/\/7artillustration.fr\/wp-content\/uploads\/2024\/02\/Low-res-1.png\" alt=\"\" class=\"wp-image-358\" srcset=\"https:\/\/7artillustration.fr\/wp-content\/uploads\/2024\/02\/Low-res-1.png 577w, https:\/\/7artillustration.fr\/wp-content\/uploads\/2024\/02\/Low-res-1-214x300.png 214w\" sizes=\"(max-width: 577px) 100vw, 577px\" \/><\/figure>\n\n\n\n<figure class=\"wp-block-image size-large\"><img decoding=\"async\" loading=\"lazy\" width=\"566\" height=\"797\" data-id=\"357\"  src=\"https:\/\/7artillustration.fr\/wp-content\/uploads\/2024\/02\/Sauver-ou-Perir.png\" alt=\"\" class=\"wp-image-357\" srcset=\"https:\/\/7artillustration.fr\/wp-content\/uploads\/2024\/02\/Sauver-ou-Perir.png 566w, https:\/\/7artillustration.fr\/wp-content\/uploads\/2024\/02\/Sauver-ou-Perir-213x300.png 213w\" sizes=\"(max-width: 566px) 100vw, 566px\" \/><\/figure>\n\n\n\n<figure class=\"wp-block-image size-large\"><img decoding=\"async\" loading=\"lazy\" width=\"724\" height=\"1024\" data-id=\"393\"  src=\"https:\/\/7artillustration.fr\/wp-content\/uploads\/2024\/02\/Vaisseau-eclaireur_Manta_Challenge-DPS-Star-Discovery_FINAL-CR2_SnapSeed-724x1024.jpeg\" alt=\"\" class=\"wp-image-393\" srcset=\"https:\/\/7artillustration.fr\/wp-content\/uploads\/2024\/02\/Vaisseau-eclaireur_Manta_Challenge-DPS-Star-Discovery_FINAL-CR2_SnapSeed-724x1024.jpeg 724w, https:\/\/7artillustration.fr\/wp-content\/uploads\/2024\/02\/Vaisseau-eclaireur_Manta_Challenge-DPS-Star-Discovery_FINAL-CR2_SnapSeed-212x300.jpeg 212w, https:\/\/7artillustration.fr\/wp-content\/uploads\/2024\/02\/Vaisseau-eclaireur_Manta_Challenge-DPS-Star-Discovery_FINAL-CR2_SnapSeed-768x1086.jpeg 768w, https:\/\/7artillustration.fr\/wp-content\/uploads\/2024\/02\/Vaisseau-eclaireur_Manta_Challenge-DPS-Star-Discovery_FINAL-CR2_SnapSeed-1086x1536.jpeg 1086w, https:\/\/7artillustration.fr\/wp-content\/uploads\/2024\/02\/Vaisseau-eclaireur_Manta_Challenge-DPS-Star-Discovery_FINAL-CR2_SnapSeed-1448x2048.jpeg 1448w, https:\/\/7artillustration.fr\/wp-content\/uploads\/2024\/02\/Vaisseau-eclaireur_Manta_Challenge-DPS-Star-Discovery_FINAL-CR2_SnapSeed-scaled.jpeg 1810w\" sizes=\"(max-width: 724px) 100vw, 724px\" \/><\/figure>\n\n\n\n<figure class=\"wp-block-image size-large\"><img decoding=\"async\" loading=\"lazy\" width=\"724\" height=\"1024\" data-id=\"408\"  src=\"https:\/\/7artillustration.fr\/wp-content\/uploads\/2024\/02\/DPS-STAR-Discovery_Blue-Print-MANTA-MK-VII-FINAL-724x1024.jpg\" alt=\"\" class=\"wp-image-408\" srcset=\"https:\/\/7artillustration.fr\/wp-content\/uploads\/2024\/02\/DPS-STAR-Discovery_Blue-Print-MANTA-MK-VII-FINAL-724x1024.jpg 724w, https:\/\/7artillustration.fr\/wp-content\/uploads\/2024\/02\/DPS-STAR-Discovery_Blue-Print-MANTA-MK-VII-FINAL-212x300.jpg 212w, https:\/\/7artillustration.fr\/wp-content\/uploads\/2024\/02\/DPS-STAR-Discovery_Blue-Print-MANTA-MK-VII-FINAL-768x1086.jpg 768w, https:\/\/7artillustration.fr\/wp-content\/uploads\/2024\/02\/DPS-STAR-Discovery_Blue-Print-MANTA-MK-VII-FINAL-1086x1536.jpg 1086w, https:\/\/7artillustration.fr\/wp-content\/uploads\/2024\/02\/DPS-STAR-Discovery_Blue-Print-MANTA-MK-VII-FINAL-1448x2048.jpg 1448w, https:\/\/7artillustration.fr\/wp-content\/uploads\/2024\/02\/DPS-STAR-Discovery_Blue-Print-MANTA-MK-VII-FINAL-scaled.jpg 1810w\" sizes=\"(max-width: 724px) 100vw, 724px\" \/><\/figure>\n\n\n\n<figure class=\"wp-block-image size-large\"><img decoding=\"async\" loading=\"lazy\" width=\"1024\" height=\"512\" data-id=\"394\"  src=\"https:\/\/7artillustration.fr\/wp-content\/uploads\/2024\/02\/10-737-Coffee-CR-1-1024x512.jpg\" alt=\"\" class=\"wp-image-394\" srcset=\"https:\/\/7artillustration.fr\/wp-content\/uploads\/2024\/02\/10-737-Coffee-CR-1-1024x512.jpg 1024w, https:\/\/7artillustration.fr\/wp-content\/uploads\/2024\/02\/10-737-Coffee-CR-1-300x150.jpg 300w, https:\/\/7artillustration.fr\/wp-content\/uploads\/2024\/02\/10-737-Coffee-CR-1-768x384.jpg 768w, https:\/\/7artillustration.fr\/wp-content\/uploads\/2024\/02\/10-737-Coffee-CR-1-1536x768.jpg 1536w, https:\/\/7artillustration.fr\/wp-content\/uploads\/2024\/02\/10-737-Coffee-CR-1-2048x1024.jpg 2048w\" sizes=\"(max-width: 1024px) 100vw, 1024px\" \/><\/figure>\n\n\n\n<figure class=\"wp-block-image size-large\"><img decoding=\"async\" loading=\"lazy\" width=\"1024\" height=\"461\" data-id=\"361\"  src=\"https:\/\/7artillustration.fr\/wp-content\/uploads\/2024\/02\/H160_Final-2-1024x461.jpg\" alt=\"\" class=\"wp-image-361\" srcset=\"https:\/\/7artillustration.fr\/wp-content\/uploads\/2024\/02\/H160_Final-2-1024x461.jpg 1024w, https:\/\/7artillustration.fr\/wp-content\/uploads\/2024\/02\/H160_Final-2-300x135.jpg 300w, https:\/\/7artillustration.fr\/wp-content\/uploads\/2024\/02\/H160_Final-2-768x346.jpg 768w, https:\/\/7artillustration.fr\/wp-content\/uploads\/2024\/02\/H160_Final-2-1536x692.jpg 1536w, https:\/\/7artillustration.fr\/wp-content\/uploads\/2024\/02\/H160_Final-2-2048x923.jpg 2048w\" sizes=\"(max-width: 1024px) 100vw, 1024px\" \/><\/figure>\n<\/figure>\n\n\n\n<div style=\"height:100px\" aria-hidden=\"true\" class=\"wp-block-spacer\"><\/div>\n\n\n\n<figure class=\"wp-block-image size-full\"><img decoding=\"async\" loading=\"lazy\" width=\"2560\" height=\"1524\" src=\"https:\/\/7artillustration.fr\/wp-content\/uploads\/2024\/02\/Creepy-maraicage_Chapitre-1-demo-custom-brush-CR-scaled.jpg\" alt=\"\" class=\"wp-image-392\" srcset=\"https:\/\/7artillustration.fr\/wp-content\/uploads\/2024\/02\/Creepy-maraicage_Chapitre-1-demo-custom-brush-CR-scaled.jpg 2560w, https:\/\/7artillustration.fr\/wp-content\/uploads\/2024\/02\/Creepy-maraicage_Chapitre-1-demo-custom-brush-CR-300x179.jpg 300w, https:\/\/7artillustration.fr\/wp-content\/uploads\/2024\/02\/Creepy-maraicage_Chapitre-1-demo-custom-brush-CR-1024x610.jpg 1024w, https:\/\/7artillustration.fr\/wp-content\/uploads\/2024\/02\/Creepy-maraicage_Chapitre-1-demo-custom-brush-CR-768x457.jpg 768w, https:\/\/7artillustration.fr\/wp-content\/uploads\/2024\/02\/Creepy-maraicage_Chapitre-1-demo-custom-brush-CR-1536x914.jpg 1536w, https:\/\/7artillustration.fr\/wp-content\/uploads\/2024\/02\/Creepy-maraicage_Chapitre-1-demo-custom-brush-CR-2048x1219.jpg 2048w\" sizes=\"(max-width: 2560px) 100vw, 2560px\" \/><\/figure>\n\n\n\n<div style=\"height:100px\" aria-hidden=\"true\" class=\"wp-block-spacer\"><\/div>\n\n\n\n<p class=\"has-text-align-center\"><strong>Cartes &amp; Jeux de Soci\u00e9t\u00e9<\/strong> \ud83c\udfb2<\/p>\n\n\n\n<figure class=\"wp-block-gallery alignwide has-nested-images columns-3 is-cropped wp-block-gallery-3 is-layout-flex\">\n<figure class=\"wp-block-image size-large\"><img decoding=\"async\" loading=\"lazy\" width=\"1024\" height=\"1024\" data-id=\"362\"  src=\"https:\/\/7artillustration.fr\/wp-content\/uploads\/2024\/02\/Lion-Birthday-FINAL-1024x1024.jpg\" alt=\"\" class=\"wp-image-362\" srcset=\"https:\/\/7artillustration.fr\/wp-content\/uploads\/2024\/02\/Lion-Birthday-FINAL-1024x1024.jpg 1024w, https:\/\/7artillustration.fr\/wp-content\/uploads\/2024\/02\/Lion-Birthday-FINAL-300x300.jpg 300w, https:\/\/7artillustration.fr\/wp-content\/uploads\/2024\/02\/Lion-Birthday-FINAL-150x150.jpg 150w, https:\/\/7artillustration.fr\/wp-content\/uploads\/2024\/02\/Lion-Birthday-FINAL-768x768.jpg 768w, https:\/\/7artillustration.fr\/wp-content\/uploads\/2024\/02\/Lion-Birthday-FINAL-1536x1536.jpg 1536w, https:\/\/7artillustration.fr\/wp-content\/uploads\/2024\/02\/Lion-Birthday-FINAL-2048x2048.jpg 2048w\" sizes=\"(max-width: 1024px) 100vw, 1024px\" \/><\/figure>\n\n\n\n<figure class=\"wp-block-image size-large\"><img decoding=\"async\" loading=\"lazy\" width=\"924\" height=\"1024\" data-id=\"386\"  src=\"https:\/\/7artillustration.fr\/wp-content\/uploads\/2024\/02\/Young-warrior-Final2-924x1024.jpg\" alt=\"\" class=\"wp-image-386\" srcset=\"https:\/\/7artillustration.fr\/wp-content\/uploads\/2024\/02\/Young-warrior-Final2-924x1024.jpg 924w, https:\/\/7artillustration.fr\/wp-content\/uploads\/2024\/02\/Young-warrior-Final2-271x300.jpg 271w, https:\/\/7artillustration.fr\/wp-content\/uploads\/2024\/02\/Young-warrior-Final2-768x852.jpg 768w, https:\/\/7artillustration.fr\/wp-content\/uploads\/2024\/02\/Young-warrior-Final2-1385x1536.jpg 1385w, https:\/\/7artillustration.fr\/wp-content\/uploads\/2024\/02\/Young-warrior-Final2-1847x2048.jpg 1847w\" sizes=\"(max-width: 924px) 100vw, 924px\" \/><\/figure>\n\n\n\n<figure class=\"wp-block-image size-large\"><img decoding=\"async\" loading=\"lazy\" width=\"768\" height=\"1024\" data-id=\"378\"  src=\"https:\/\/7artillustration.fr\/wp-content\/uploads\/2024\/02\/Scopa-2-768x1024.jpg\" alt=\"\" class=\"wp-image-378\" srcset=\"https:\/\/7artillustration.fr\/wp-content\/uploads\/2024\/02\/Scopa-2-768x1024.jpg 768w, https:\/\/7artillustration.fr\/wp-content\/uploads\/2024\/02\/Scopa-2-225x300.jpg 225w, https:\/\/7artillustration.fr\/wp-content\/uploads\/2024\/02\/Scopa-2-1152x1536.jpg 1152w, https:\/\/7artillustration.fr\/wp-content\/uploads\/2024\/02\/Scopa-2-1536x2048.jpg 1536w, https:\/\/7artillustration.fr\/wp-content\/uploads\/2024\/02\/Scopa-2-scaled.jpg 1920w\" sizes=\"(max-width: 768px) 100vw, 768px\" \/><\/figure>\n\n\n\n<figure class=\"wp-block-image size-large\"><img decoding=\"async\" loading=\"lazy\" width=\"1024\" height=\"1024\" data-id=\"409\"  src=\"https:\/\/7artillustration.fr\/wp-content\/uploads\/2024\/02\/Cartes-navales-Practice-Final-2-1-1024x1024.jpg\" alt=\"\" class=\"wp-image-409\" srcset=\"https:\/\/7artillustration.fr\/wp-content\/uploads\/2024\/02\/Cartes-navales-Practice-Final-2-1-1024x1024.jpg 1024w, https:\/\/7artillustration.fr\/wp-content\/uploads\/2024\/02\/Cartes-navales-Practice-Final-2-1-300x300.jpg 300w, https:\/\/7artillustration.fr\/wp-content\/uploads\/2024\/02\/Cartes-navales-Practice-Final-2-1-150x150.jpg 150w, https:\/\/7artillustration.fr\/wp-content\/uploads\/2024\/02\/Cartes-navales-Practice-Final-2-1-768x768.jpg 768w, https:\/\/7artillustration.fr\/wp-content\/uploads\/2024\/02\/Cartes-navales-Practice-Final-2-1-1536x1536.jpg 1536w, https:\/\/7artillustration.fr\/wp-content\/uploads\/2024\/02\/Cartes-navales-Practice-Final-2-1-2048x2048.jpg 2048w\" sizes=\"(max-width: 1024px) 100vw, 1024px\" \/><\/figure>\n\n\n\n<figure class=\"wp-block-image size-large\"><img decoding=\"async\" loading=\"lazy\" width=\"1024\" height=\"1024\" data-id=\"410\"  src=\"https:\/\/7artillustration.fr\/wp-content\/uploads\/2024\/02\/Navires-Proto-icones_final-2-1024x1024.jpg\" alt=\"\" class=\"wp-image-410\" srcset=\"https:\/\/7artillustration.fr\/wp-content\/uploads\/2024\/02\/Navires-Proto-icones_final-2-1024x1024.jpg 1024w, https:\/\/7artillustration.fr\/wp-content\/uploads\/2024\/02\/Navires-Proto-icones_final-2-300x300.jpg 300w, https:\/\/7artillustration.fr\/wp-content\/uploads\/2024\/02\/Navires-Proto-icones_final-2-150x150.jpg 150w, https:\/\/7artillustration.fr\/wp-content\/uploads\/2024\/02\/Navires-Proto-icones_final-2-768x768.jpg 768w, https:\/\/7artillustration.fr\/wp-content\/uploads\/2024\/02\/Navires-Proto-icones_final-2.jpg 1378w\" sizes=\"(max-width: 1024px) 100vw, 1024px\" \/><\/figure>\n<\/figure>\n\n\n\n<div style=\"height:100px\" aria-hidden=\"true\" class=\"wp-block-spacer\"><\/div>\n\n\n\n<p class=\"has-text-align-center\"><strong>Bande Dessin\u00e9e<\/strong> \ud83d\udcda<\/p>\n\n\n<div class=\"wp-block-image\">\n<figure class=\"aligncenter size-large is-resized\"><img decoding=\"async\" loading=\"lazy\" src=\"http:\/\/7artillustration.fr\/wp-content\/uploads\/2024\/02\/Marque-Page_Nature-Hiver_FINAL-1024x939.jpg\" alt=\"\" class=\"wp-image-367\" width=\"553\" height=\"507\" srcset=\"https:\/\/7artillustration.fr\/wp-content\/uploads\/2024\/02\/Marque-Page_Nature-Hiver_FINAL-1024x939.jpg 1024w, https:\/\/7artillustration.fr\/wp-content\/uploads\/2024\/02\/Marque-Page_Nature-Hiver_FINAL-300x275.jpg 300w, https:\/\/7artillustration.fr\/wp-content\/uploads\/2024\/02\/Marque-Page_Nature-Hiver_FINAL-768x704.jpg 768w, https:\/\/7artillustration.fr\/wp-content\/uploads\/2024\/02\/Marque-Page_Nature-Hiver_FINAL-1536x1408.jpg 1536w, https:\/\/7artillustration.fr\/wp-content\/uploads\/2024\/02\/Marque-Page_Nature-Hiver_FINAL-2048x1877.jpg 2048w\" sizes=\"(max-width: 553px) 100vw, 553px\" \/><\/figure><\/div>\n\n\n<div style=\"height:100px\" aria-hidden=\"true\" class=\"wp-block-spacer\"><\/div>\n\n\n\n<figure class=\"wp-block-gallery alignwide has-nested-images columns-3 is-cropped wp-block-gallery-5 is-layout-flex\">\n<figure class=\"wp-block-image size-large\"><img decoding=\"async\" loading=\"lazy\" width=\"1024\" height=\"1024\" data-id=\"412\"  src=\"https:\/\/7artillustration.fr\/wp-content\/uploads\/2024\/02\/MP-Provence-sans-fond-1024x1024.jpg\" alt=\"\" class=\"wp-image-412\" srcset=\"https:\/\/7artillustration.fr\/wp-content\/uploads\/2024\/02\/MP-Provence-sans-fond-1024x1024.jpg 1024w, https:\/\/7artillustration.fr\/wp-content\/uploads\/2024\/02\/MP-Provence-sans-fond-300x300.jpg 300w, https:\/\/7artillustration.fr\/wp-content\/uploads\/2024\/02\/MP-Provence-sans-fond-150x150.jpg 150w, https:\/\/7artillustration.fr\/wp-content\/uploads\/2024\/02\/MP-Provence-sans-fond-768x768.jpg 768w, https:\/\/7artillustration.fr\/wp-content\/uploads\/2024\/02\/MP-Provence-sans-fond-1536x1536.jpg 1536w, https:\/\/7artillustration.fr\/wp-content\/uploads\/2024\/02\/MP-Provence-sans-fond-2048x2048.jpg 2048w\" sizes=\"(max-width: 1024px) 100vw, 1024px\" \/><\/figure>\n\n\n\n<figure class=\"wp-block-image size-large\"><img decoding=\"async\" loading=\"lazy\" width=\"1024\" height=\"1024\" data-id=\"377\"  src=\"https:\/\/7artillustration.fr\/wp-content\/uploads\/2024\/02\/Suspicious-guys-2-1-1024x1024.jpg\" alt=\"\" class=\"wp-image-377\" srcset=\"https:\/\/7artillustration.fr\/wp-content\/uploads\/2024\/02\/Suspicious-guys-2-1-1024x1024.jpg 1024w, https:\/\/7artillustration.fr\/wp-content\/uploads\/2024\/02\/Suspicious-guys-2-1-300x300.jpg 300w, https:\/\/7artillustration.fr\/wp-content\/uploads\/2024\/02\/Suspicious-guys-2-1-150x150.jpg 150w, https:\/\/7artillustration.fr\/wp-content\/uploads\/2024\/02\/Suspicious-guys-2-1-768x768.jpg 768w, https:\/\/7artillustration.fr\/wp-content\/uploads\/2024\/02\/Suspicious-guys-2-1-1536x1536.jpg 1536w, https:\/\/7artillustration.fr\/wp-content\/uploads\/2024\/02\/Suspicious-guys-2-1-2048x2048.jpg 2048w\" sizes=\"(max-width: 1024px) 100vw, 1024px\" \/><\/figure>\n\n\n\n<figure class=\"wp-block-image size-large\"><img decoding=\"async\" loading=\"lazy\" width=\"1024\" height=\"1024\" data-id=\"411\"  src=\"https:\/\/7artillustration.fr\/wp-content\/uploads\/2024\/02\/MP-Toulon-1-sans-fond-1024x1024.jpg\" alt=\"\" class=\"wp-image-411\" srcset=\"https:\/\/7artillustration.fr\/wp-content\/uploads\/2024\/02\/MP-Toulon-1-sans-fond-1024x1024.jpg 1024w, https:\/\/7artillustration.fr\/wp-content\/uploads\/2024\/02\/MP-Toulon-1-sans-fond-300x300.jpg 300w, https:\/\/7artillustration.fr\/wp-content\/uploads\/2024\/02\/MP-Toulon-1-sans-fond-150x150.jpg 150w, https:\/\/7artillustration.fr\/wp-content\/uploads\/2024\/02\/MP-Toulon-1-sans-fond-768x768.jpg 768w, https:\/\/7artillustration.fr\/wp-content\/uploads\/2024\/02\/MP-Toulon-1-sans-fond-1536x1536.jpg 1536w, https:\/\/7artillustration.fr\/wp-content\/uploads\/2024\/02\/MP-Toulon-1-sans-fond-2048x2048.jpg 2048w\" sizes=\"(max-width: 1024px) 100vw, 1024px\" \/><\/figure>\n\n\n\n<figure class=\"wp-block-image size-large\"><img decoding=\"async\" loading=\"lazy\" width=\"669\" height=\"1024\" data-id=\"365\"  src=\"https:\/\/7artillustration.fr\/wp-content\/uploads\/2024\/02\/BD-Ours-polaire-669x1024.jpg\" alt=\"\" class=\"wp-image-365\" srcset=\"https:\/\/7artillustration.fr\/wp-content\/uploads\/2024\/02\/BD-Ours-polaire-669x1024.jpg 669w, https:\/\/7artillustration.fr\/wp-content\/uploads\/2024\/02\/BD-Ours-polaire-196x300.jpg 196w, https:\/\/7artillustration.fr\/wp-content\/uploads\/2024\/02\/BD-Ours-polaire-768x1176.jpg 768w, https:\/\/7artillustration.fr\/wp-content\/uploads\/2024\/02\/BD-Ours-polaire-1003x1536.jpg 1003w, https:\/\/7artillustration.fr\/wp-content\/uploads\/2024\/02\/BD-Ours-polaire-1337x2048.jpg 1337w, https:\/\/7artillustration.fr\/wp-content\/uploads\/2024\/02\/BD-Ours-polaire-scaled.jpg 1672w\" sizes=\"(max-width: 669px) 100vw, 669px\" \/><\/figure>\n\n\n\n<figure class=\"wp-block-image size-large\"><img decoding=\"async\" loading=\"lazy\" width=\"724\" height=\"1024\" data-id=\"371\"  src=\"https:\/\/7artillustration.fr\/wp-content\/uploads\/2024\/02\/AC-Mirage-1-724x1024.jpg\" alt=\"\" class=\"wp-image-371\" srcset=\"https:\/\/7artillustration.fr\/wp-content\/uploads\/2024\/02\/AC-Mirage-1-724x1024.jpg 724w, https:\/\/7artillustration.fr\/wp-content\/uploads\/2024\/02\/AC-Mirage-1-212x300.jpg 212w, https:\/\/7artillustration.fr\/wp-content\/uploads\/2024\/02\/AC-Mirage-1-768x1086.jpg 768w, https:\/\/7artillustration.fr\/wp-content\/uploads\/2024\/02\/AC-Mirage-1-1086x1536.jpg 1086w, https:\/\/7artillustration.fr\/wp-content\/uploads\/2024\/02\/AC-Mirage-1.jpg 1125w\" sizes=\"(max-width: 724px) 100vw, 724px\" \/><\/figure>\n<\/figure>\n\n\n\n<div style=\"height:100px\" aria-hidden=\"true\" class=\"wp-block-spacer\"><\/div>\n\n\n\n<figure class=\"wp-block-image size-large\"><img decoding=\"async\" loading=\"lazy\" width=\"1024\" height=\"512\" src=\"http:\/\/7artillustration.fr\/wp-content\/uploads\/2024\/02\/DuoDiscus_LowRes-1-1024x512.jpg\" alt=\"\" class=\"wp-image-374\" srcset=\"https:\/\/7artillustration.fr\/wp-content\/uploads\/2024\/02\/DuoDiscus_LowRes-1-1024x512.jpg 1024w, https:\/\/7artillustration.fr\/wp-content\/uploads\/2024\/02\/DuoDiscus_LowRes-1-300x150.jpg 300w, https:\/\/7artillustration.fr\/wp-content\/uploads\/2024\/02\/DuoDiscus_LowRes-1-768x384.jpg 768w, https:\/\/7artillustration.fr\/wp-content\/uploads\/2024\/02\/DuoDiscus_LowRes-1-1536x768.jpg 1536w, https:\/\/7artillustration.fr\/wp-content\/uploads\/2024\/02\/DuoDiscus_LowRes-1.jpg 1567w\" sizes=\"(max-width: 1024px) 100vw, 1024px\" \/><\/figure>\n\n\n\n<figure class=\"wp-block-image size-large\"><img decoding=\"async\" loading=\"lazy\" width=\"1024\" height=\"510\" src=\"http:\/\/7artillustration.fr\/wp-content\/uploads\/2024\/02\/IKAROS_Caudron-St-EX_Final-CR_LowRes-1024x510.jpg\" alt=\"\" class=\"wp-image-375\" srcset=\"https:\/\/7artillustration.fr\/wp-content\/uploads\/2024\/02\/IKAROS_Caudron-St-EX_Final-CR_LowRes-1024x510.jpg 1024w, https:\/\/7artillustration.fr\/wp-content\/uploads\/2024\/02\/IKAROS_Caudron-St-EX_Final-CR_LowRes-300x150.jpg 300w, https:\/\/7artillustration.fr\/wp-content\/uploads\/2024\/02\/IKAROS_Caudron-St-EX_Final-CR_LowRes-768x383.jpg 768w, https:\/\/7artillustration.fr\/wp-content\/uploads\/2024\/02\/IKAROS_Caudron-St-EX_Final-CR_LowRes-1536x766.jpg 1536w, https:\/\/7artillustration.fr\/wp-content\/uploads\/2024\/02\/IKAROS_Caudron-St-EX_Final-CR_LowRes.jpg 1567w\" sizes=\"(max-width: 1024px) 100vw, 1024px\" \/><\/figure>\n\n\n\n<div style=\"height:100px\" aria-hidden=\"true\" class=\"wp-block-spacer\"><\/div>\n\n\n\n<p class=\"has-text-align-center\"><strong>Affiche \/ Ecusson \/ Logo<\/strong> \ud83d\udee1<\/p>\n\n\n\n<figure class=\"wp-block-gallery has-nested-images columns-2 wp-block-gallery-7 is-layout-flex\">\n<figure class=\"wp-block-image size-large\"><img decoding=\"async\" loading=\"lazy\" width=\"1024\" height=\"1024\" data-id=\"376\"  src=\"https:\/\/7artillustration.fr\/wp-content\/uploads\/2024\/02\/The-Unknown-Cie_White-BG_Typo-Brown-1024x1024.jpg\" alt=\"\" class=\"wp-image-376\" srcset=\"https:\/\/7artillustration.fr\/wp-content\/uploads\/2024\/02\/The-Unknown-Cie_White-BG_Typo-Brown-1024x1024.jpg 1024w, https:\/\/7artillustration.fr\/wp-content\/uploads\/2024\/02\/The-Unknown-Cie_White-BG_Typo-Brown-300x300.jpg 300w, https:\/\/7artillustration.fr\/wp-content\/uploads\/2024\/02\/The-Unknown-Cie_White-BG_Typo-Brown-150x150.jpg 150w, https:\/\/7artillustration.fr\/wp-content\/uploads\/2024\/02\/The-Unknown-Cie_White-BG_Typo-Brown-768x768.jpg 768w, https:\/\/7artillustration.fr\/wp-content\/uploads\/2024\/02\/The-Unknown-Cie_White-BG_Typo-Brown-1536x1536.jpg 1536w, https:\/\/7artillustration.fr\/wp-content\/uploads\/2024\/02\/The-Unknown-Cie_White-BG_Typo-Brown-2048x2048.jpg 2048w\" sizes=\"(max-width: 1024px) 100vw, 1024px\" \/><\/figure>\n\n\n\n<figure class=\"wp-block-image size-large\"><img decoding=\"async\" loading=\"lazy\" width=\"1024\" height=\"1024\" data-id=\"363\"  src=\"https:\/\/7artillustration.fr\/wp-content\/uploads\/2024\/02\/Ducat-Walkn_no-BG-1024x1024.jpg\" alt=\"\" class=\"wp-image-363\" srcset=\"https:\/\/7artillustration.fr\/wp-content\/uploads\/2024\/02\/Ducat-Walkn_no-BG-1024x1024.jpg 1024w, https:\/\/7artillustration.fr\/wp-content\/uploads\/2024\/02\/Ducat-Walkn_no-BG-300x300.jpg 300w, https:\/\/7artillustration.fr\/wp-content\/uploads\/2024\/02\/Ducat-Walkn_no-BG-150x150.jpg 150w, https:\/\/7artillustration.fr\/wp-content\/uploads\/2024\/02\/Ducat-Walkn_no-BG-768x768.jpg 768w, https:\/\/7artillustration.fr\/wp-content\/uploads\/2024\/02\/Ducat-Walkn_no-BG-1536x1536.jpg 1536w, https:\/\/7artillustration.fr\/wp-content\/uploads\/2024\/02\/Ducat-Walkn_no-BG-2048x2048.jpg 2048w\" sizes=\"(max-width: 1024px) 100vw, 1024px\" \/><\/figure>\n\n\n\n<figure class=\"wp-block-image size-large\"><img decoding=\"async\" loading=\"lazy\" width=\"726\" height=\"1024\" data-id=\"384\"  src=\"https:\/\/7artillustration.fr\/wp-content\/uploads\/2024\/02\/AirExpo2023-726x1024.png\" alt=\"\" class=\"wp-image-384\" srcset=\"https:\/\/7artillustration.fr\/wp-content\/uploads\/2024\/02\/AirExpo2023-726x1024.png 726w, https:\/\/7artillustration.fr\/wp-content\/uploads\/2024\/02\/AirExpo2023-213x300.png 213w, https:\/\/7artillustration.fr\/wp-content\/uploads\/2024\/02\/AirExpo2023.png 755w\" sizes=\"(max-width: 726px) 100vw, 726px\" \/><\/figure>\n\n\n\n<figure class=\"wp-block-image size-large\"><img decoding=\"async\" loading=\"lazy\" width=\"724\" height=\"1024\" data-id=\"359\"  src=\"https:\/\/7artillustration.fr\/wp-content\/uploads\/2024\/02\/AirExpo2024-A-la-Conquete-du-Ciel_FINAL-CR-724x1024.jpg\" alt=\"\" class=\"wp-image-359\" srcset=\"https:\/\/7artillustration.fr\/wp-content\/uploads\/2024\/02\/AirExpo2024-A-la-Conquete-du-Ciel_FINAL-CR-724x1024.jpg 724w, https:\/\/7artillustration.fr\/wp-content\/uploads\/2024\/02\/AirExpo2024-A-la-Conquete-du-Ciel_FINAL-CR-212x300.jpg 212w, https:\/\/7artillustration.fr\/wp-content\/uploads\/2024\/02\/AirExpo2024-A-la-Conquete-du-Ciel_FINAL-CR-768x1086.jpg 768w, https:\/\/7artillustration.fr\/wp-content\/uploads\/2024\/02\/AirExpo2024-A-la-Conquete-du-Ciel_FINAL-CR-1086x1536.jpg 1086w, https:\/\/7artillustration.fr\/wp-content\/uploads\/2024\/02\/AirExpo2024-A-la-Conquete-du-Ciel_FINAL-CR-1448x2048.jpg 1448w, https:\/\/7artillustration.fr\/wp-content\/uploads\/2024\/02\/AirExpo2024-A-la-Conquete-du-Ciel_FINAL-CR-scaled.jpg 1811w\" sizes=\"(max-width: 724px) 100vw, 724px\" \/><\/figure>\n<\/figure>\n\n\n\n<div style=\"height:100px\" aria-hidden=\"true\" class=\"wp-block-spacer\"><\/div>\n","protected":false},"excerpt":{"rendered":"<p>Voici un bref aper\u00e7u de mes cr\u00e9ations dans diff\u00e9rents th\u00e8mes et styles ! (N&rsquo;h\u00e9sitez pas \u00e0 consulter et \u00e0 vous abonn\u00e9 mon fil Instagram pour plus de contenu) Artworks \ud83d\udd8c Cartes &amp; Jeux de Soci\u00e9t\u00e9 \ud83c\udfb2 Bande Dessin\u00e9e \ud83d\udcda Affiche \/ Ecusson \/ Logo \ud83d\udee1<\/p>\n","protected":false},"author":1,"featured_media":0,"parent":0,"menu_order":0,"comment_status":"closed","ping_status":"closed","template":"","meta":[],"_links":{"self":[{"href":"https:\/\/7artillustration.fr\/index.php?rest_route=\/wp\/v2\/pages\/352"}],"collection":[{"href":"https:\/\/7artillustration.fr\/index.php?rest_route=\/wp\/v2\/pages"}],"about":[{"href":"https:\/\/7artillustration.fr\/index.php?rest_route=\/wp\/v2\/types\/page"}],"author":[{"embeddable":true,"href":"https:\/\/7artillustration.fr\/index.php?rest_route=\/wp\/v2\/users\/1"}],"replies":[{"embeddable":true,"href":"https:\/\/7artillustration.fr\/index.php?rest_route=%2Fwp%2Fv2%2Fcomments&post=352"}],"version-history":[{"count":15,"href":"https:\/\/7artillustration.fr\/index.php?rest_route=\/wp\/v2\/pages\/352\/revisions"}],"predecessor-version":[{"id":423,"href":"https:\/\/7artillustration.fr\/index.php?rest_route=\/wp\/v2\/pages\/352\/revisions\/423"}],"wp:attachment":[{"href":"https:\/\/7artillustration.fr\/index.php?rest_route=%2Fwp%2Fv2%2Fmedia&parent=352"}],"curies":[{"name":"wp","href":"https:\/\/api.w.org\/{rel}","templated":true}]}}